 2 - 12. Let c = 26 + f. Calculate the remainder when c is divided by 15.
13
Suppose 3*h = -4*t + 28, 3*t = t - 4*h + 24. Suppose 0*k - t*k + 132 = 0. Let u = -8 - -17. Calculate the remainder when k is divided by u.
6
Suppose -208 = -2*s + 26. Calculate the remainder when s is divided by 7.
5
Let s = 5 - -10. Suppose 5 = 2*r - s. Calculate the remainder when 38 is divided by r.
8
Suppose 5*v - 2*g + g = 69, -3*g - 25 = -v. What is the remainder when 88 is divided by v?
10
Let x(r) = 1 + 8*r + 12*r**2 + 2 + 3*r + r**3. Calculate the remainder when 5 is divided by x(-11).
2
Let z(g) = 2*g - 2. Let h be z(3). What is the remainder when h*(153/6)/3 is divided by 12?
10
Suppose 25 - 5 = 4*r. Suppose -6 = -r*a - 1. Calculate the remainder when 11 is divided by (a + 1)*(3 + -1).
3
Let x(h) = 4*h**3 + 31*h**2 + 10*h. Calculate the remainder when x(-7) is divided by 26.
25
Suppose 0 = -4*i + 16, -5*k + 349 = 5*i + 4. What is the remainder when (1/(-2))/(1/(-54)) is divided by 3/5 + 936/k?
12
Suppose -b + p = 3*p - 6, -5*b + 2*p + 30 = 0. Calculate the remainder when 22 is divided by b.
4
Let x = 135 - 71. Let j = -3 - -7. Suppose -j*d + x = -88. What is the remainder when d is divided by 13?
12
Suppose 0 = 4*v + 13 - 1. Let w be (-3)/(-9) - 11/v. Suppose 3*l - 2*j - 48 = 0, 4*l = l + w*j + 54. What is the remainder when l is divided by 8?
6
Let b = -101 + 113. Calculate the remainder when 69 is divided by b.
9
Let s(y) = y**2 + 10*y - 38. Calculate the remainder when 67 is divided by s(-14).
13
Let g(a) = -6*a + 5. Let v be g(-6). Suppose -3*f + 5*t = -f - v, 0 = -5*f - t + 62. Calculate the remainder when 38 is divided by f.
12
Let a = -3 + 6. Suppose 50 = a*d - 4. Suppose o = x + 4*o - 19, 4*o = -3*x + 42. What is the remainder when d is divided by x?
8
Let m be 12/(-7) + 8/(-28). Let w be (2*(-9)/3)/m. What is the remainder when (14/6)/(w/36) is divided by 15?
13
Let q = 3 + 44. Calculate the remainder when q is divided by 16.
15
Let r = 22 - 21. Let o be ((0 - -2) + -2)/(-1). Suppose 4*f = 8, 3*x - x + 3*f - 8 = o. What is the remainder when r is divided by x?
0
Let h = -25 + 40. Suppose 0 = -2*i - i + 2892. Calculate the remainder when i/22 + 4/22 is divided by h.
14
Let i(h) be the second derivative of h**5/20 - h**4/12 - h**3/3 + h**2 - 3*h. What is the remainder when i(3) is divided by 8?
6
Let k(c) = -c**3 + 4*c**2 - 2*c. Let r be k(3). Suppose h - 72 = -3*u, r*h + 59 = u + u. What is the remainder when 73 is divided by u?
23
What is the remainder when 11 is divided by (-2)/3 - (-14)/3?
3
Let d(o) = o**2 - 12*o - 43. What is the remainder when d(20) is divided by 24?
21
Let g = 545 + -512. Let m(q) = q**3 + 5*q**2 - 4*q - 2. What is the remainder when g is divided by m(-5)?
15
Let v(r) = -r**2 + 9*r - 10. Let a be v(7). Let p(u) = 2*u**2 - u + 3. What is the remainder when p(a) is divided by 11?
9
Let r be -1 + -4 + (-4 - -14). Suppose 48 = 3*i + 5*y - 0, -5*i = -r*y - 40. What is the remainder when 43 is divided by i?
10
Let m be 21/(-7) - (-6)/2. Suppose -2*u - 5 = -2*p - p, -7 = 3*p + u. Calculate the remainder when (0 - m) + (p - -5) is divided by 3.
1
Suppose 0 = -3*z + 20 + 46. What is the remainder when 41 is divided by z?
19
Let x = 638 + -435. Calculate the remainder when x is divided by 53.
44
Let b be -3 - -7 - (1 - 1). Suppose -b*a + 2*a = -22. Let h = 25 - a. Calculate the remainder when h is divided by 5.
4
Let w(g) = -g**3 - 4*g**2 - 6. What is the remainder when w(-5) is divided by -4 - -5 - 3*-3?
9
Let n = -44 + 50. What is the remainder when 22 is divided by n?
4
Suppose -3*b + 5*h - 89 = 52, -3*b - 132 = -2*h. Let x = -19 - b. What is the remainder when x is divided by 12?
11
Let w = -48 - -110. Let d(t) = 4*t + 2. Calculate the remainder when w is divided by d(5).
18
Suppose 0 = 3*k - 15, 6*r - 5*r - 31 = -5*k. Suppose r*m - 3*m - 75 = 0. What is the remainder when m is divided by 13?
12
Suppose -5*i = 7 - 252. Let u = 87 - i. Suppose 3*y - 44 + 14 = 0. What is the remainder when u is divided by y?
8
Suppose 4*b + 115 = 5*b. Suppose b = r + 4*r. Calculate the remainder when r is divided by 8.
7
Let d(t) = -t**2 - 8*t - 10. Let m be d(-8). What is the remainder when (m/8)/((-16)/1088) is divided by 22?
19
Let k = 56 - 31. Calculate the remainder when 98 is divided by k.
23
What is the remainder when (-20)/15*(-1 + -53) is divided by 25?
22
Let t = -63 - -159. Let l = -65 + t. What is the remainder when l is divided by 11?
9
Let b be -1*1*(-87)/3. Suppose 0 = 8*h - 7*h - b. Calculate the remainder when h is divided by 15.
14
Let w(z) = 2*z**2 - 21*z - 9. Calculate the remainder when 131 is divided by w(12).
23
Let a(r) = -8*r**3 + r**2 - 2*r - 4. Let j be a(-2). Let x = j - 27. What is the remainder when x is divided by 14?
13
Let f(i) be the third derivative of 0*i**3 + i**2 + 0*i - 1/24*i**4 + 0. Calculate the remainder when f(-2) is divided by 2.
0
Suppose 3*o = 2*z + 48, 5*o - 80 = -z - 0*z. Calculate the remainder when 77 is divided by o.
13
Let s = 0 - -5. Suppose 3*a = -w + 2, 0 = s*a + 4*w - 8 - 0. Suppose a*o = -o + 4*g + 10, o - 10 = -g. Calculate the remainder when 29 is divided by o.
9
Suppose -3*n + 7*n = 60. What is the remainder when n is divided by 4?
3
Let l(i) = -i**2 - 6*i + 3. What is the remainder when 21 is divided by l(-3)?
9
Suppose -10 = -4*a - 3*g, 4*a + a = 3*g + 26. Suppose p = a*s - 3, -3*p - 3 = 5*s - 62. What is the remainder when 37 is divided by p?
11
Suppose -3*j - 75 = -4*i, 0 = -7*i + 2*i - 3*j + 87. Suppose 3*k = -0*k + 3, -2*n - k = -21. Let q = 44 - n. Calculate the remainder when q is divided by i.
16
Let p = -42 + 28. Let g = p - -22. What is the remainder when 13 is divided by g?
5
Let u(r) = -2*r**2 + 2*r**3 - 6*r - 3 + 9*r + r. What is the remainder when 23 is divided by u(2)?
10
Suppose c - 16 = -4*x, -5*x + x = -3*c. Suppose -x*g - 11 = -4*g. What is the remainder when g is divided by 6?
5
Let b(u) = u**3 - 2*u**2 + 3. Calculate the remainder when 7 is divided by b(2).
1
Let l be (14/(-7))/(2/(-3)). Suppose -51 = -l*u - i - 2*i, -u + 5*i - 1 = 0. Calculate the remainder when 39 is divided by u.
11
Let r be 9/6 - 2/(-4). Suppose -5*a + 5*k + 162 = 52, -k - r = 0. Suppose y + 0 - a = 0. What is the remainder when 58 is divided by y?
18
Let m be 4 - (-2*2 + 2). Suppose -2*c + 12 = 2*c. Suppose 3*g - 2*z - 12 - m = 0, z = c*g - 18. Calculate the remainder when g is divided by 4.
2
Let g = 4 + 90. Calculate the remainder when g is divided by 24.
22
Suppose 8 = b - 6. Let p = b + -3. Calculate the remainder when 42 is divided by p.
9
Suppose 5*r = 28 + 37. Calculate the remainder when 41 is divided by 1 + 0 + r + -3.
8
Suppose -31 = -3*a + 41. What is the remainder when 46 is divided by a?
22
Suppose 0 = 4*m + 2*l - 0*l - 16, -2*l - 8 = 0. Calculate the remainder when 13 is divided by m.
1
Let y = 5 - -8. Suppose -s = x - 93 + 35, 3*x - 199 = 2*s. What is the remainder when x is divided by y?
11
Let h(y) = -y**3 + 4*y**2 + 3*y + 7. Let o be h(5). What is the remainder when (-10 - 0)/(o/6) is divided by 7?
6
Let k(g) = -g**3 + 7*g**2 + 9*g - 2. Let f be k(8). Let p(x) = x**3 + 7*x**2 + 3*x - 6. What is the remainder when (-2)/6*(-414)/f is divided by p(-6)?
11
Let a(c) = -c - 1. Let q(r) = -1. Let i(h) = -6*a(h) + 7*q(h). Calculate the remainder when i(4) is divided by 12.
11
Let r be (-5)/((-1)/(-3)*1). Let n = 25 + r. What is the remainder when 38 is divided by n?
8
Let i(c) = 2*c**2 + 2*c + 2. Calculate the remainder when 12 is divided by i(-1).
0
Let r = -117 - -141. What is the remainder when 107 is divided by r?
11
Let b = -8 + 11. Calculate the remainder when -6*12/(-8)*1 is divided by b.
0
Let u(b) = -19*b - 3. Let z be u(-2). Suppose 2*g - 52 = -4*c, g - z = -3*c - 2*c. What is the remainder when g is divided by 11?
9
Let z = 52 + -26. What is the remainder when z is divided by 10?
6
Let q = 33 - 25. Calculate the remainder when 37 is divided by q.
5
Suppose 6*x + 70 = 13*x. Suppose -2*v - 2*v = 36. What is the remainder when (v + 2)/(1/(-4)) is divided by x?
8
Suppose -60 = -h - 4*j, -j = -4*h + 48 + 175. Suppose h = u + 3*u. Calculate the remainder when 40 is divided by u.
12
Let s(p) = p**3 - p**2 - 2. Let i be s(2). Suppose -4*k - o + 60 = 3*o, 2*k - o - 36 = 0. What i